t common divisor of 184232 and 8.
8
What is the greatest common divisor of 2173041 and 1476?
369
Calculate the highest common factor of 210 and 14940.
30
What is the highest common factor of 3297 and 2459091?
471
What is the highest common divisor of 315228 and 2410?
482
Calculate the highest common divisor of 10 and 17044.
2
Calculate the greatest common divisor of 1335466 and 22.
22
Calculate the highest common factor of 742 and 92918.
14
What is the highest common factor of 877892 and 424?
212
Calculate the greatest common factor of 19 and 2518051.
19
Calculate the highest common factor of 177 and 2537.
59
Calculate the greatest common divisor of 1201 and 29.
1
What is the greatest common divisor of 2988 and 973092?
996
What is the greatest common divisor of 2632 and 616?
56
What is the highest common divisor of 1862 and 63650?
38
What is the greatest common factor of 61108 and 100?
4
Calculate the greatest common divisor of 167 and 182197.
167
What is the highest common divisor of 39177 and 162?
27
Calculate the greatest common divisor of 1406 and 2035.
37
Calculate the highest common factor of 315 and 2009.
7
What is the highest common divisor of 1552 and 388?
388
Calculate the highest common factor of 409680 and 480.
240
Calculate the greatest common divisor of 540734 and 116.
58
Calculate the greatest common factor of 81 and 17154.
9
Calculate the greatest common factor of 5819 and 264.
11
What is the greatest common divisor of 74 and 1679726?
74
Calculate the greatest common factor of 7872 and 80832.
192
What is the greatest common factor of 14742 and 393939?
819
Calculate the highest common factor of 8671 and 109707.
377
What is the highest common divisor of 11433105 and 2610?
1305
What is the highest common factor of 104 and 4018456?
104
What is the greatest common divisor of 53637 and 228?
57
Calculate the greatest common factor of 55148 and 136.
68
Calculate the greatest common factor of 6532 and 11644.
284
What is the greatest common divisor of 2559 and 833381?
853
Calculate the greatest common divisor of 16 and 610384.
16
What is the highest common divisor of 35774 and 136172?
1154
What is the greatest common divisor of 13983 and 11682?
177
Calculate the greatest common divisor of 3633 and 4671.
519
Calculate the highest common divisor of 3092 and 42.
2
Calculate the highest common divisor of 294 and 468174.
42
What is the highest common factor of 2802 and 138?
6
What is the highest common divisor of 1815 and 9317?
121
What is the greatest common divisor of 1711930 and 660?
110
What is the greatest common factor of 4134 and 624?
78
Calculate the greatest common divisor of 3703 and 115.
23
What is the highest common factor of 450059 and 27237?
1297
Calculate the highest common divisor of 28860 and 7735.
65
Calculate the highest common divisor of 70 and 19480.
10
What is the highest common factor of 426340 and 40?
20
Calculate the highest common divisor of 90 and 3161940.
30
What is the highest common factor of 700 and 4690?
70
What is the greatest common factor of 187253 and 29?
29
What is the highest common factor of 2030 and 161762?
58
What is the highest common divisor of 1249978 and 302?
302
What is the greatest common factor of 164 and 135484?
4
Calculate the highest common divisor of 320 and 33472.
64
What is the highest common divisor of 1859 and 82940?
143
What is the greatest common divisor of 13 and 3029?
13
What is the highest common factor of 3971 and 3289?
11
Calculate the highest common divisor of 3710 and 2936836.
742
Calculate the greatest common factor of 189 and 27145881.
189
What is the greatest common factor of 5425 and 490?
35
Calculate the greatest common factor of 1798506 and 3690.
738
Calculate the greatest common factor of 43946 and 246302.
1022
What is the greatest common factor of 72882 and 144?
18
What is the greatest common factor of 224 and 40?
8
What is the highest common divisor of 14950 and 260?
130
What is the highest common factor of 324 and 122?
2
Calculate the greatest common factor of 1146233 and 22.
11
What is the greatest common divisor of 154560 and 48?
48
Calculate the greatest common factor of 271974 and 48.
6
Calculate the highest common divisor of 6 and 3958692.
6
What is the highest common factor of 900 and 660?
60
Calculate the greatest common divisor of 66405 and 3029.
233
What is the highest common factor of 144 and 4152?
24
Calculate the highest common factor of 1575 and 18000.
225
What is the highest common divisor of 273 and 281463?
273
What is the highest common divisor of 162 and 9324?
18
Calculate the highest common factor of 7 and 8521135.
7
What is the greatest common divisor of 9774823 and 61?
61
Calculate the greatest common factor of 7 and 1312346.
7
Calculate the greatest common factor of 98 and 4526.
2
Calculate the highest common divisor of 3220 and 3691730.
1610
What is the highest common factor of 9 and 7507?
1
What is the highest common factor of 13 and 39351?
13
Calculate the highest common factor of 6366 and 6.
6
Calculate the highest common divisor of 40 and 12875100.
20
Calculate the greatest common factor of 2325250 and 1310.
1310
Calculate the greatest common factor of 27 and 3013011.
27
Calculate the greatest common factor of 855 and 171.
171
What is the greatest common divisor of 63273 and 9660?
483
What is the highest common divisor of 1081130 and 730?
730
What is the highest common factor of 189786 and 564?
282
What is the greatest common divisor of 153 and 3825?
153
What is the highest common divisor of 528 and 1471437?
33
Calculate the highest common factor of 7650115 and 379.
379
Calculate the greatest common divisor of 72 and 175572.
36
Calculate the greatest common factor of 96 and 2012064.
96
Calculate the greatest common factor of 114 and 489.
3
What is the greatest common factor of 4768 and 576?
32
Calculate the highest common divisor of 1130 and 43618.
226
Calculate the highest common divisor of 241762 and 218.
218
Calculate the greatest common factor of 1430 and 36322.
286
Calculate the greatest common divisor of 160 and 185390.
10
Calculate the highest common factor of 9 and 118467.
9
Calculate the highest common factor of 77655 and 465.
465
What is the highest common divisor of 153361 and 52?
13
Calculate the greatest common factor of 36090 and 198.
18
Calculate the highest common factor of 4240 and 21360.
80
What is the highest common factor of 275548 and 28?
28
What is the greatest common factor of 1308484 and 1119?
373
Calculate the greatest common divisor of 17706 and 15600.
78
Calculate the highest common factor of 3696 and 13596.
132
Calculate the greatest common factor of 20 and 103912.
4
What is the highest common factor of 452232 and 66?
66
What is the highest common divisor of 58006 and 234?
26
What is the highest common factor of 93 and 161479?
31
Calculate the greatest common divisor of 215038 and 4083.
1361
Calculate the greatest common divisor of 3505 and 3.
1
What is the highest common factor of 35235 and 151875?
1215
Calculate the highest common divisor of 2538 and 4806.
54
Calculate the highest common factor of 39 and 72111.
39
What is the greatest common divisor of 898530 and 15?
15
Calculate the highest common divisor of 1772 and 44.
4
Calculate the greatest common divisor of 64 and 24848.
16
What is the highest common divisor of 720 and 8055?
45
Calculate the greatest common divisor of 46 and 1760351.
23
Calculate the greatest common factor of 1287 and 13377.
39
Calculate the highest common factor of 304 and 384.
16
Calculate the greatest common factor of 20 and 13460.
20
Calculate the greatest common divisor of 9176 and 386539.
1147
Calculate the highest common factor of 27861 and 1887.
111
What is the highest common factor of 68258 and 14?
2
What is the greatest common divisor of 76 and 1260403?
19
What is the highest common factor of 650 and 12220?
130
What is the greatest common factor of 33850 and 475?
25
Calculate the greatest common factor of 8125 and 91.
13
What is the greatest common factor of 2952 and 118572?
492
Calculate the highest common divisor of 3927 and 544544.
1309
Calculate the highest common factor of 3753 and 5022.
27
What is the greatest common factor of 1190 and 2261?
119
What is the highest comm